+ -30))) + -31 - (-11 + 1).
-16
-88 - -79 - (-2 + 38) - (2 + -11)
-36
-22 - (-79 + 36) - 20
1
What is the value of -3 - (-190 + (29 - -127))?
31
What is 0 - (-11 + -4 + (-2 - -17) + 12)?
-12
What is the value of (29 + (-20 - -10 - 5) - 0) + -102 + 2?
-86
(-3 - 0 - (122 + -108)) + 47
30
What is the value of 1748 + -1723 - (-41 + (-1 - -4))?
63
Evaluate -65 - ((-6 - 11) + 2) - -13.
-37
76 + (71 - (149 + 24))
-26
Calculate -691 + 679 + (-35 - ((2 - 8) + 4)) - 0.
-45
(35 - 59) + (-6 - -3) - -13
-14
Evaluate -15 - (33 + -11 + (12 - -6) + -12).
-43
What is (46 - (-12 + -3)) + -28 - 30?
3
34 - (63 - 30 - -56)
-55
Calculate 41 - -7 - 37 - (49 + 2).
-40
What is the value of (-11 - (5 - 7 - -5)) + 1 + 7?
-6
Evaluate 70 + (-39 - -4) + -4 + 18 + 0.
49
(-66 - -65) + 28 - (-63 + -12)
102
What is 21 + -55 + 10 - (-16 + -2) - -77?
71
What is the value of 2 + -8 + -2 - (7 + 58 + -10)?
-63
Evaluate -91 + (4 - (-15 + 19 + -13) - (5 + -1)).
-82
9 + 2 + (10 + -13 + -111 - (-25 - -13))
-91
(42 - -17) + -21 - (93 + -185)
130
(7 - (-28 - 119)) + (-33 - -8) + 13
142
24 + (24 - (-1 - -21)) - (-13 - (0 - 3))
38
(8 - (-4 - -31)) + -69 + -6
-94
(-47 - -71) + (-22 - -2) - -3 - (-4 - 13)
24
Evaluate (-20 - ((9 - 19) + 12)) + 5 - 15.
-32
What is the value of 4 + (-16 - -18) + 11 + (10 - -20)?
47
(-102 - -117) + -113 + 38
-60
Calculate -9023 + 8986 - (-30 + 1).
-8
Evaluate 10 + -2 + (20 + -17 - (9 - 0)).
2
167 + 0 - (-88 + 229)
26
Evaluate (-6 + -3 - (-3 + 0)) + (42 - (31 + 23)).
-18
-9 - 1 - (14 + -26 + 45) - (5 + -6)
-42
Evaluate -28 + (10 - (-84 - -57)).
9
Calculate 14 + 2 - (29 - (26 + -11 - -13)).
15
-13 + 2 + 8 + 4 - (97 + 8 + -9)
-95
Evaluate 10 - (-4 + 11 + -6 - -32) - -5.
-18
What is (9 - 0) + 2 + -66 + (25 - (100 - 43))?
-87
Evaluate -2 + 2 + 2 + (3 - (-7 - 13)) + 22.
47
Calculate 20 + -128 + (17 - 14) + -1 + 11.
-95
Evaluate (-56 - 0) + 0 + (5658 - 5671) - (1 + 11).
-81
Calculate -59 + -39 + 32 + 102.
36
What is the value of 37 - (8 - -4 - 0 - -4)?
21
33 + (-43 - -188) + -100
78
Calculate (8 + 5 + 7 - 14 - (7 - 1)) + -60.
-60
-11 + -3 + 13 + (-15 - (-5 - (9 - 16)))
-18
Calculate 18 + -63 + -17 + 25.
-37
What is the value of 1 + 32 + -217 + 206 - -18?
40
12 + (-15 - (22 - 39)) + (14 - 2)
26
(0 - -1) + (10 + (-7 - -2) - 31)
-25
Calculate -30 - (-26 + 3 + -12) - (-35 + -1).
41
What is the value of -53 + 4 + -3 + 46 + -95 + 63?
-38
What is (1079 + -1085 - (-24 + -1)) + -101?
-82
Evaluate (-6 - -9) + (-16 - -15) - -26 - -6.
34
What is 1 + 1 + (138 - 139) - 8?
-7
(-135 - (65 + -277)) + (-1 - -4) + 18
98
Calculate -160 + 29 + (-102 - -147).
-86
(-18 - -39) + 8 + -55
-26
What is -19 + (-34 - -41) - ((3 - 0) + 2 - -21)?
-38
Calculate (2 - -6 - (1 + -3)) + (39 - 186 - -183).
46
What is the value of -3 + (16 - 7) - -12 - 39?
-21
Calculate 72 - -26 - (288 + -123).
-67
37 - (-44 - ((45 - 39) + -52))
35
Calculate 14 + -15 - (8 + -22 + -25).
38
(-19 - (28 - 14) - -42) + (0 - 60)
-51
What is the value of -12 + 16 + -47 + (3 - -4) + -1 + -9?
-46
Calculate (32 - 16) + -185 + 116.
-53
What is the value of 13 + (2 - -1) + 36 + (7 - 33 - 2)?
24
What is -4 + (19 - (-1 - -6)) + (-239 - -240)?
11
Calculate (-5 - -11) + 6 - (7 - (-20 + 37)).
22
Calculate (-48 + 35 - 21) + 0.
-34
What is -17 - (-11 - (-68 - 6))?
-80
What is the value of -13 + 25 - 1 - (71 - (-11 - 11))?
-82
What is 27 + 0 + 1 - (-1291 - -1391)?
-72
What is 3 + (-2 - -19) - (-90 - -31 - -53)?
26
-4 + 41 + 8 + -43 + (-44 - -54)
12
What is the value of 1 + 63 - 49 - (-4 + (-3 - -88))?
-66
Calculate 26 - (-3 + (2 - (-14 + 10))) - -2.
25
What is 21 - -27 - (7 - -41)?
0
Evaluate -21 - (16 + (-14 - 24)) - -19.
20
19 + -119 - -21 - -134
55
Evaluate -16 + (26 - 10) - 38 - (-1 - -2 - -5).
-44
39 + -16 + 77 - 32
68
17 + (-136 + 61 - -5)
-53
Calculate 3 - 1 - (79 + (60 - 237) + (2 - -17)).
81
What is the value of (-19 + -4 + -1 - -15 - 18) + 10?
-17
What is the value of -32 + 29 - (-5 + (7 - 1)) - 32?
-36
Calculate -1 + -110 + (-55 - (-20 + -38)) + 13.
-95
Calculate (-9 - -1) + (9 - (-100 + 201)).
-100
What is (-53 + 19 - -46) + -86?
-74
39 + -5 + 12 + -5 + (71 - 66)
46
-252 + 244 + 5 + 0 + 31
28
Calculate 117 - 137 - (27 + 0 + -24 + 19).
-42
Evaluate -9 - (113 - 66) - -25.
-31
Evaluate -14 + -5 - (-22 - -13 - -8).
-18
What is 54 + 19 - 37 - 28?
8
What is (40 + 10 + -27 - 43) + 68?
48
What is -88 + 75 - (5 - -20 - -2)?
-40
Calculate (-4 - (1 + -1)) + (-30 - (84 + (-108 - 0))).
-10
Evaluate (51 - 42) + 41 - 89.
-39
-2 - -7 - 2 - (-165 + 363 - 161)
-34
Calculate 11 - -40 - (-107 + 110).
48
What is (27 - -2) + -5 + -20 + (17 - -1)?
22
12 - (-2 + 0 + -1) - (246 - (112 - -104))
-15
Evaluate -3 - ((5 - 7) + -2) - (-5 - -4 - 39).
41
What is -82 - (15 - (-11 + 88))?
-20
Evaluate -7 + 1 + 502 + -565 - -15.
-54
What is (-128 - 0 - (28 + (-78 - -40) + 12)) + -4?
-134
2 - (73 - 25) - -35
-11
-81 - ((31 + -33 - -23) + 12)
-114
-29 + (-15 - -34) - (137 + -17 + -8)
-122
-64 - (-80 + 18 + 48)
-50
Evaluate (-111 + 132 - (9 - 0)) + 39.
51
Evaluate -8 - ((-1045 - -949) + (0 - 1) + 1 + 13).
75
What is the value of 5 + -14 + (348 - 297)?
42
-49 + (7 - 5) - 3 - 11
-61
What is the value of -13 - ((-20 - 2) + -4 + 5) - 21?
-13
What is the value of -3 - -18 - (23 + -46) - (9 + -4)?
33
Calculate 471 + -466 + (-1 - (2 - -9)) - 2.
-9
What is the value of 23 - (100 - 84 - (-2 - -2))?
7
-12 - -5 - (-2 - (7 + 1 + -4))
-1
Evaluate (-61 - -89) + (6 + -1 + 5 - 4).
34
What is -4 + 11 + -11 + -11 + -5 + (1 - -141)?
122
(14 - 14) + 66 + -9 + -10
47
Evaluate 12 + 16 - 18 - (-44 + (1 - (6 - 8))).
51
Evaluate (-71 - (-9 + -3 + -1)) + 18.
-40
Calculate (-18 - 36) + (248 - 144).
50
What is 23 + (76 - (53 - 26) - 17)?
55
What is the value of (60 - (13 + 8)) + (-10 - 6) + -2?
21
What is the value of 4 - ((35 - 16) + -43) - 77?
-49
What is 1 + -12 - (-75 + 118 + -104)?
50
Calculate (-11 - -23) + (-29 - (-49 + 28)).
4
Evaluate (-102 - -47) + 22 - (54 - -1).
-88
Evaluate 2 - (-59 + (-19 - (3 + -10 + 17 + -22))).
68
Calculate 6 + 2 + -26 + -10 + -41 + 27.
-42
What is -55 + 149 + -278 + 136?
-48
What is (-31 - (-7 - 13)) + 25 - (-7 - 18)?
39
Calculate -3129 - -3205 - (-2 - -5 - -12).
61
(34 - -3) + (203 - 200)
40
Evaluate -53 + -3 + 2 + 11 + (481 - 494).
-56
Calculate -24 - (18 - (45 + (9 - 19))).
-7
Calculate -7 + 7 + -23 - (-69 - 6).
52
What is the value of (7 + 16 - 40) + -3 + 64?
44
Evaluate 4 + -62 + (-40 + 43 - (-5 + 2)).
-52
What is the value of 23 - 34 - (-39 + 0 - (23 - 26))?
25
25 - (132 - (-10 + 35 + 9))
-73
What is the value of -153 + 155 + (11 - -26)?
39
Evaluate (126 - 107) + -112 + 138.
45
Calculate -29 + (9 + -56 - -84).
8
What is the value of (2 - 19 - (-30 - -17)) + 1 - -17?
14
-8 - (-8 - -1 - -26) - ((2 - 2) + -1)
-26
Evaluate ((108 - 56) + -40 - (0 + -1)) + 14.
27
What is the value of (29 - (9 + 2)) + (-59 - -26)?
-15
Calculate 32 + -106 + 56 - 30.
-48
Evaluate -4 - (-17 + (-4 - -10) + -47) - -17.
71
Evaluate (4 - (-5 - -12)) + 79 + -74.
2
Calculate 1 + -1 - ((17 - -54) + -51).
-20
What is the value of 280 - 213 - (3 + -3 - (-1 + 3 - 3))?
66
Evaluate (-23 - 3) + 2 - (-805 - -871).
-90
Evaluate (-85 - -104) + -16 + -48.
-45
-12 + (4 - (-64 + -1) - (-490 - -471))
76
Evaluate ((27 - 75) + -15 - -46) + 8.
-9
-45 + (37 - (-91 - -78))
5
What is the value of 7 - (731 + -753 + (38 - 0))?
-9
Calculate (123 + -238 - -109) + -56.
-62
What is the value of (2 - 0 - 24) + -2189 + 2169?
-42
What is -14 + (-177 - -203) + 50 + -1?
61
What is 164 - (-113 - -227) - 22?
28
215 + (40 - 132) - 73
50
Calculate -24 + (-8 + -3 - (0 + (11 - 9))).
-37
Evaluate -19 - -6 - (17 + -4 + (-33 - -10 - -10)).
-13
Calculate (-68 - -86 - -1) + (5 + -3 - (-4 - 0)).
25
131 + -52 + -2 + -166
-89
Evaluate -17 + (19 - (4 - 12)) + 1 - (65 + 1).
-55
-47 + (78 + -80 - -106)
57
Calculate -4 + -30 - 1 - (-186 + 92).
59
What is -15 + (-11 - -14) + 1 + 42?
31
What is (-66 - (-39 + 5)) + 48?
16
-22 + 0 + 7 + 0 + -90 + 0 + 5
-100
What is 16 - (12 - (-4 + -52 + 11))?
-41
Evaluate -15 + (17 - (14 + -22 + 13)).
-3
What is (-21 - (13 + -14 - -23 - 50)) + -1 + 77?
83
Evaluate (2 - 5) + (15 - 0) - (10 - (-69 - 4)).
-71
Calculate -9 + (-41 - 27) - -53.
-24
Evaluate 52 + -35 + -19 - 38.
-40
Calculate 76 + (-85 - -17) + (1 - 17) + 44.
36
What is the value of (-26 + 18 - -93) + (-33 - 0)?
52
What is -36 - (100 - 94 - (